{"id":11,"date":"2021-11-15T17:07:50","date_gmt":"2021-11-15T17:07:50","guid":{"rendered":"https:\/\/afgphoto.fr\/?page_id=11"},"modified":"2022-01-08T10:09:54","modified_gmt":"2022-01-08T10:09:54","slug":"a-propos-de","status":"publish","type":"page","link":"https:\/\/afgphoto.fr\/index.php\/a-propos-de\/","title":{"rendered":"\u00c0 propos de"},"content":{"rendered":"\r\n<p>Afgphoto.fr \u00e9tait initialement un site de vente en ligne de bijoux grav\u00e9s et cadeaux personnalis\u00e9s par gravure fraise ou gravure laser. <\/p>\r\n<p>A pr\u00e9sent nous sommes fiers de vous pr\u00e9senter le nouveau blog cadeaux !!! Pourquoi un n-i\u00e8me blog cadeau ? Ben parce qu&rsquo;on ne va pas s&#8217;emp\u00eacher de donner des nouvelles id\u00e9es \u00e0 nos lecteurs, simplement parce que beaucoup de blogs existent sur le sujet.<\/p>\r\n<p>Je m&rsquo;appelle St\u00e9phanie je suis bloggueuse amateur et je partagerai avec vous les id\u00e9es que j&rsquo;ai eues pour faire plaisir \u00e0 mes proches !!<\/p>\r\n","protected":false},"excerpt":{"rendered":"<p>Afgphoto.fr \u00e9tait initialement un site de vente en ligne de bijoux grav\u00e9s et cadeaux personnalis\u00e9s par gravure fraise ou gravure laser. A pr\u00e9sent nous sommes fiers de vous pr\u00e9senter le nouveau blog cadeaux !!! Pourquoi un n-i\u00e8me blog cadeau ? Ben parce qu&rsquo;on ne va pas s&#8217;emp\u00eacher de donner des nouvelles id\u00e9es \u00e0 nos lecteurs,&#8230; <\/p>\n<div class=\"read-more\"><a href=\"https:\/\/afgphoto.fr\/index.php\/a-propos-de\/\">Lire la suite<\/a><\/div>\n","protected":false},"author":1,"featured_media":0,"parent":0,"menu_order":0,"comment_status":"closed","ping_status":"closed","template":"","meta":{"footnotes":""},"class_list":["post-11","page","type-page","status-publish","hentry"],"yoast_head":"<!-- This site is optimized with the Yoast SEO plugin v20.3 - https:\/\/yoast.com\/wordpress\/plugins\/seo\/ -->\n<title>\u00c0 propos de - Bijoux grav\u00e9s et cadeaux personnalis\u00e9s<\/title>\n<meta name=\"robots\" content=\"index, follow, max-snippet:-1, max-image-preview:large, max-video-preview:-1\" \/>\n<link rel=\"canonical\" href=\"https:\/\/afgphoto.fr\/index.php\/a-propos-de\/\" \/>\n<meta property=\"og:locale\" content=\"fr_FR\" \/>\n<meta property=\"og:type\" content=\"article\" \/>\n<meta property=\"og:title\" content=\"\u00c0 propos de - Bijoux grav\u00e9s et cadeaux personnalis\u00e9s\" \/>\n<meta property=\"og:description\" content=\"Afgphoto.fr \u00e9tait initialement un site de vente en ligne de bijoux grav\u00e9s et cadeaux personnalis\u00e9s par gravure fraise ou gravure laser. A pr\u00e9sent nous sommes fiers de vous pr\u00e9senter le nouveau blog cadeaux !!! Pourquoi un n-i\u00e8me blog cadeau ? Ben parce qu&rsquo;on ne va pas s&#8217;emp\u00eacher de donner des nouvelles id\u00e9es \u00e0 nos lecteurs,... Lire la suite\" \/>\n<meta property=\"og:url\" content=\"https:\/\/afgphoto.fr\/index.php\/a-propos-de\/\" \/>\n<meta property=\"og:site_name\" content=\"Bijoux grav\u00e9s et cadeaux personnalis\u00e9s\" \/>\n<meta property=\"article:modified_time\" content=\"2022-01-08T10:09:54+00:00\" \/>\n<meta name=\"twitter:card\" content=\"summary_large_image\" \/>\n<script type=\"application\/ld+json\" class=\"yoast-schema-graph\">{\"@context\":\"https:\/\/schema.org\",\"@graph\":[{\"@type\":\"WebPage\",\"@id\":\"https:\/\/afgphoto.fr\/index.php\/a-propos-de\/\",\"url\":\"https:\/\/afgphoto.fr\/index.php\/a-propos-de\/\",\"name\":\"\u00c0 propos de - Bijoux grav\u00e9s et cadeaux personnalis\u00e9s\",\"isPartOf\":{\"@id\":\"https:\/\/afgphoto.fr\/#website\"},\"datePublished\":\"2021-11-15T17:07:50+00:00\",\"dateModified\":\"2022-01-08T10:09:54+00:00\",\"breadcrumb\":{\"@id\":\"https:\/\/afgphoto.fr\/index.php\/a-propos-de\/#breadcrumb\"},\"inLanguage\":\"fr-FR\",\"potentialAction\":[{\"@type\":\"ReadAction\",\"target\":[\"https:\/\/afgphoto.fr\/index.php\/a-propos-de\/\"]}]},{\"@type\":\"BreadcrumbList\",\"@id\":\"https:\/\/afgphoto.fr\/index.php\/a-propos-de\/#breadcrumb\",\"itemListElement\":[{\"@type\":\"ListItem\",\"position\":1,\"name\":\"Accueil\",\"item\":\"https:\/\/afgphoto.fr\/\"},{\"@type\":\"ListItem\",\"position\":2,\"name\":\"\u00c0 propos de\"}]},{\"@type\":\"WebSite\",\"@id\":\"https:\/\/afgphoto.fr\/#website\",\"url\":\"https:\/\/afgphoto.fr\/\",\"name\":\"Bijoux grav\u00e9s et cadeaux personnalis\u00e9s\",\"description\":\"Id\u00e9es cadeaux \u00e0 la vol\u00e9e !!\",\"potentialAction\":[{\"@type\":\"SearchAction\",\"target\":{\"@type\":\"EntryPoint\",\"urlTemplate\":\"https:\/\/afgphoto.fr\/?s={search_term_string}\"},\"query-input\":\"required name=search_term_string\"}],\"inLanguage\":\"fr-FR\"}]}<\/script>\n<!-- \/ Yoast SEO plugin. -->","yoast_head_json":{"title":"\u00c0 propos de - Bijoux grav\u00e9s et cadeaux personnalis\u00e9s","robots":{"index":"index","follow":"follow","max-snippet":"max-snippet:-1","max-image-preview":"max-image-preview:large","max-video-preview":"max-video-preview:-1"},"canonical":"https:\/\/afgphoto.fr\/index.php\/a-propos-de\/","og_locale":"fr_FR","og_type":"article","og_title":"\u00c0 propos de - Bijoux grav\u00e9s et cadeaux personnalis\u00e9s","og_description":"Afgphoto.fr \u00e9tait initialement un site de vente en ligne de bijoux grav\u00e9s et cadeaux personnalis\u00e9s par gravure fraise ou gravure laser. A pr\u00e9sent nous sommes fiers de vous pr\u00e9senter le nouveau blog cadeaux !!! Pourquoi un n-i\u00e8me blog cadeau ? Ben parce qu&rsquo;on ne va pas s&#8217;emp\u00eacher de donner des nouvelles id\u00e9es \u00e0 nos lecteurs,... Lire la suite","og_url":"https:\/\/afgphoto.fr\/index.php\/a-propos-de\/","og_site_name":"Bijoux grav\u00e9s et cadeaux personnalis\u00e9s","article_modified_time":"2022-01-08T10:09:54+00:00","twitter_card":"summary_large_image","schema":{"@context":"https:\/\/schema.org","@graph":[{"@type":"WebPage","@id":"https:\/\/afgphoto.fr\/index.php\/a-propos-de\/","url":"https:\/\/afgphoto.fr\/index.php\/a-propos-de\/","name":"\u00c0 propos de - Bijoux grav\u00e9s et cadeaux personnalis\u00e9s","isPartOf":{"@id":"https:\/\/afgphoto.fr\/#website"},"datePublished":"2021-11-15T17:07:50+00:00","dateModified":"2022-01-08T10:09:54+00:00","breadcrumb":{"@id":"https:\/\/afgphoto.fr\/index.php\/a-propos-de\/#breadcrumb"},"inLanguage":"fr-FR","potentialAction":[{"@type":"ReadAction","target":["https:\/\/afgphoto.fr\/index.php\/a-propos-de\/"]}]},{"@type":"BreadcrumbList","@id":"https:\/\/afgphoto.fr\/index.php\/a-propos-de\/#breadcrumb","itemListElement":[{"@type":"ListItem","position":1,"name":"Accueil","item":"https:\/\/afgphoto.fr\/"},{"@type":"ListItem","position":2,"name":"\u00c0 propos de"}]},{"@type":"WebSite","@id":"https:\/\/afgphoto.fr\/#website","url":"https:\/\/afgphoto.fr\/","name":"Bijoux grav\u00e9s et cadeaux personnalis\u00e9s","description":"Id\u00e9es cadeaux \u00e0 la vol\u00e9e !!","potentialAction":[{"@type":"SearchAction","target":{"@type":"EntryPoint","urlTemplate":"https:\/\/afgphoto.fr\/?s={search_term_string}"},"query-input":"required name=search_term_string"}],"inLanguage":"fr-FR"}]}},"_links":{"self":[{"href":"https:\/\/afgphoto.fr\/index.php\/wp-json\/wp\/v2\/pages\/11","targetHints":{"allow":["GET"]}}],"collection":[{"href":"https:\/\/afgphoto.fr\/index.php\/wp-json\/wp\/v2\/pages"}],"about":[{"href":"https:\/\/afgphoto.fr\/index.php\/wp-json\/wp\/v2\/types\/page"}],"author":[{"embeddable":true,"href":"https:\/\/afgphoto.fr\/index.php\/wp-json\/wp\/v2\/users\/1"}],"replies":[{"embeddable":true,"href":"https:\/\/afgphoto.fr\/index.php\/wp-json\/wp\/v2\/comments?post=11"}],"version-history":[{"count":3,"href":"https:\/\/afgphoto.fr\/index.php\/wp-json\/wp\/v2\/pages\/11\/revisions"}],"predecessor-version":[{"id":56,"href":"https:\/\/afgphoto.fr\/index.php\/wp-json\/wp\/v2\/pages\/11\/revisions\/56"}],"wp:attachment":[{"href":"https:\/\/afgphoto.fr\/index.php\/wp-json\/wp\/v2\/media?parent=11"}],"curies":[{"name":"wp","href":"https:\/\/api.w.org\/{rel}","templated":true}]}}